?
False
Suppose 0 = 2*l + 4*z - 160150, 5*z - 9*z + 80079 = l. Is l composite?
False
Let j = 89590 - 14851. Suppose 2*k + 4*v = j + 4575, k - 39658 = -v. Is k prime?
True
Let a = -27 - -57. Let n be (-55)/a*-3 + 2/(-4). Suppose 0 = -3*w - 6, -u + 4316 = u - n*w. Is u prime?
True
Let w be (-16)/8 - (0 - -8008). Let h = 13486 + w. Suppose 11*c - h = 7*c. Is c a prime number?
False
Let w be (1*-1)/((-49)/9359). Suppose 0 = k - 74 - w. Is k prime?
False
Let t be 4 + (1/3)/((-5)/15). Let c(g) = -76*g**3 + 2*g**2 + 3*g - 7. Let o(n) = 77*n**3 - 2*n**2 - 4*n + 6. Let w(h) = t*o(h) + 2*c(h). Is w(3) composite?
True
Let q(s) = -s**3 + 8*s**2 + 7*s + 14. Let v be q(9). Let r be 15/(-2)*(-712)/6. Is r/(-4)*(0 + v/5) a prime number?
False
Suppose -83*o - 26126 = -85*o. Is o a prime number?
True
Suppose 413606 = -79*t + 146*t - 66*t. Is t a composite number?
True
Let c = -205946 - -290208. Is c a prime number?
False
Let y be 13/((-156)/8) - 10796/(-3). Let d = y - -1921. Is d prime?
True
Suppose 0 = -c + 3, -c = 4*g + g - 33. Let n(x) = x**3 + 8*x**2 - 7*x + 5. Let s be n(g). Suppose w + 0*w = s. Is w prime?
True
Suppose 2*f + 5*w = 5*f - 43, 5*f - 10 = -4*w. Suppose -f*o + o = -25. Suppose o*r = -25, -4*r = -5*j + 3*j + 814. Is j a prime number?
True
Suppose -4*x = 18*x + 110. Is (-67497)/x - 10/25 a composite number?
False
Let c be 2 + -2 + (-1 + 2)*1. Is c/((-1)/(-3567)) + 4 composite?
False
Let i = -772 + 763. Is i + (8 - 1294)*-1 composite?
False
Suppose s = -0*s - 16. Is (-5 - -7)*(-77384)/s a composite number?
True
Suppose -25*m = -18*m - 7. Let u(k) = 3833*k**2 + 6*k + 2. Is u(m) a composite number?
True
Suppose -191927707 = -388*p + 257*p. Is p a composite number?
False
Let r(c) = -17*c**3 - 6*c**2 - 100*c - 8. Is r(-13) a prime number?
False
Let x(m) = -3346*m - 149. Let a(s) = -1674*s - 75. Let r(y) = 5*a(y) - 2*x(y). Is r(-24) composite?
True
Let f = -30452 - -57985. Is f a prime number?
False
Let m(p) = p**2 - 4*p - 136. Let k be m(14). Suppose -y = -x + 51268, -3*y = 9*x - k*x - 256300. Is x composite?
False
Let f be (-1)/(1*(-1 + (-10)/(-12))). Suppose -7*x + f*x + 2*x = 0. Suppose 3*y - 1133 + 122 = x. Is y a prime number?
True
Let y = 329 + -324. Suppose j - 2*r + 215 = 1490, -y*j = -5*r - 6355. Is j a prime number?
False
Is -246049*(8 + -6)*7/(-14) a prime number?
True
Suppose 4*o = h - 40018 + 834, 3*o = h - 29387. Let c = -3948 - o. Is c a composite number?
False
Suppose 41*a - 4*a - 925 = 0. Suppose a*n - 6305 = 12*n. Is n a prime number?
False
Let c be ((-714)/15)/(3/(-30)). Suppose -2*p + 9*p - c = 0. Suppose -66*u + p*u - 982 = 0. Is u a prime number?
True
Suppose 4*p + 16 = 0, -2*p + 156 = 2*c - 3*p. Suppose 79*j - 34053 = c*j. Is j a prime number?
True
Is ((-57898)/12)/(3/(-72)*4) prime?
True
Suppose 0 = 3*j + 4*b - 98599, 5*b + 131486 = -1464*j + 1468*j. Is j a composite number?
False
Let w = 917 + -263. Let i = 2 + w. Suppose 5*u - i = -3*p, 3*u + p = 2*p + 402. Is u prime?
False
Let z(p) = -35842*p - 427. Is z(-9) a composite number?
True
Let t(g) = 5*g**3 + g - 2. Let f be t(1). Suppose 5*y = -9 - 1, f*b = -4*y + 63500. Is b composite?
False
Let o = -25235 + 237588. Is o a composite number?
False
Let z(o) = -2*o + 21. Let w be z(7). Suppose 11*x - w*x = 9*x. Suppose x = 5*u + 2393 - 27868. Is u a prime number?
False
Let j be ((-2)/(-4))/((-2)/(-23032)*2). Suppose -2*y - j + 17017 = 0. Is y prime?
True
Let i = -82 + -741. Suppose -5*c + 17550 - 6080 = 0. Let d = c + i. Is d a composite number?
False
Let l(x) be the third derivative of -x**6/24 - x**5/4 + 25*x**4/24 + 3*x**3/2 + 12*x**2 - 2. Is l(-16) prime?
True
Let r = 643571 + -408478. Is r a prime number?
False
Suppose -3*y - 6*y = -6*y. Suppose y = 24*z + 25*z - 2073827. Is z prime?
True
Suppose -2*k - 70*x = -73*x - 6664346, 2*x - 16660827 = -5*k. Is k prime?
True
Suppose -64631242 = 104*q - 130*q. Is q composite?
True
Suppose -14664927 - 2014333 = -4*i + 4*j, 16679236 = 4*i - j. Is i composite?
False
Suppose -7*v + 4*v = 15, -4*v = -f + 493987. Is f composite?
False
Let g be (90495/12)/(-5) + (-2)/(-8). Let t be 2/6 - g/12. Let l = 545 - t. Is l composite?
False
Let k(g) = 103*g**2 + 7. Let f be ((-1)/(-1))/(-3 + (-140)/(-45)). Suppose 1 = 2*i + f. Is k(i) a prime number?
False
Let s be ((-6)/(-2) + 57)/((-10)/65). Is (-114006)/(-26) + (-60)/s a prime number?
False
Let k(u) = u**3 - 21*u**2 - 24*u + 41. Let l be k(22). Is l*(-1535)/(-60)*(-53 + 1) a prime number?
False
Let q(f) = 95*f - 27. Let m be q(7). Suppose -118*u + 116*u + m = 0. Is u a prime number?
False
Suppose 0 = 3*a - 2*b + 15, -4*a + 5*b + 9 = 36. Let y be (-56)/24 - (-1)/a*-1. Let m(x) = -83*x**3 - 4*x**2 - 2*x + 1. Is m(y) a prime number?
True
Suppose 14775*r - 14792*r + 5251317 = 0. Is r composite?
True
Suppose 0 = 3*y - 9*y. Suppose y = 2*i, -2*i - 3*i - 777 = -3*n. Is n composite?
True
Let m be ((-508)/8 + -8)*-2. Suppose 6823 - m = 4*h - 2*w, 3*h = w + 5011. Is h a prime number?
False
Let n(f) = -2*f**3 + 59*f**2 + 30*f + 4. Let v be n(30). Is (-2)/v + 7 + (-7005)/(-6) a prime number?
False
Let w(l) = 76*l**3 - 2*l**2 - 32*l + 15. Is w(8) a prime number?
True
Suppose o + 5*b = -12883 + 72328, 0 = o - 4*b - 59427. Is o a composite number?
True
Suppose 0 = 20*g + 83516 - 1623976. Is g a prime number?
True
Let q(m) = 3*m**2 - m + 6. Let o be q(0). Let x be ((200/12)/5)/(4/o). Suppose -2*s = -2*l + l + 799, 3989 = x*l - 4*s. Is l composite?
False
Let q be 2/6 - (2838176/33)/(-32). Suppose 4*k - 19780 = -2844. Let n = k - q. Is n a composite number?
True
Let o(c) = c**2 - 5*c - 41. Let m be o(9). Let h(b) = b**2 - 2*b - 36. Let s be h(m). Let k(g) = -592*g**3 + 3*g**2 + g - 1. Is k(s) prime?
True
Suppose 8*f - 2*j - 117624 = 4*f, 0 = -2*f - j + 58816. Suppose -2*z = -5*c - 28571 - 30243, z - 2*c - f = 0. Is z composite?
True
Let q = 3739 - 8998. Let w = -1666 - q. Is w prime?
True
Let x(t) = -4*t**3 + 11*t - 11 + 30*t**3 - 4*t**2 + 0 + 45*t**3. Is x(3) prime?
False
Let m = -16976 - -23813. Suppose -16 = -2*i - 8, 2*i = 5*o - m. Is o a prime number?
False
Suppose -2*x + 2*d = 6*d + 68, 4*d = -3*x - 104. Suppose -v + 24 = 2*v. Is v*(-39)/x*3 prime?
False
Suppose -3*a - 2*c = -189613 - 125970, 4*c + 28 = 0. Is a a prime number?
True
Suppose 0 = -5*j - 6*t - 25240, -13086 = 3*j - 3*t + 2025. Let x = -2943 - j. Is x a composite number?
False
Let b be ((5 + 1)/(-3))/((-8)/(-1404)). Is (-2492)/(-10) + -8 + b/(-45) a composite number?
True
Suppose -40 = -2*l - 2*c, 0*c - 5*c + 36 = l. Suppose 19*r = 111 - l. Suppose -o + 83 = 2*n, -415 = -r*o - 3*n + 6*n. Is o composite?
False
Let l(w) = 410*w - 1539. Is l(86) prime?
True
Suppose -d + 126 = 2*d. Let h = -40 + d. Suppose 0 = -4*g - h*k + 5*k + 1469, -3*g + 3*k = -1098. Is g a prime number?
False
Let z(x) = x**3 + 27*x**2 - 12*x - 23. Suppose -12*s = -10*s - 3*o + 48, 4*s - 5*o + 92 = 0. Is z(s) composite?
False
Suppose -n + 9*n = -32. Let m be 1*(n - -7)/3. Is (-3130)/(-7) + m/(-7) prime?
False
Let a = 111470 - 63483. Is a a prime number?
False
Let w(u) = -22*u**2 - 16*u - 13. Let o(z) = -21*z**2 - 15*z - 12. Let j(t) = -6*o(t) + 5*w(t). Suppose -28 = 10*m + 12. Is j(m) a composite number?
False
Suppose 748359 = 36*p + 45*p. Is p composite?
False
Is (-4599648)/(-192)*(-156)/(-18) prime?
False
Let h(o) = -550*o**3 - 24*o - 105. Is h(-4) a prime number?
False
Suppose -5*u - 16 = -4*f, 5*f + 2*u - 20 = -u. Suppose -3*m - 17905 = -f*s, -5*m - 2*s - 22882 = 6951. Let w = -3104 - m. Is w a prime number?
False
Let g(l) = -6 + 2*l**3 + 2 + 43*l**2 - 38*l**2 - 7 - 10*l. Suppose -4*b - 28 = -4*x, 0 = -5*x + 2*b - 0*b + 38. Is g(x) composite?
True
Let i(c) be the third derivative of -c**6/120 + 7*c**5/60 + 17*c**4/24 + 11*c**3/6 - 15*c**2. Let r be i(9). Suppose r*q - 7187 = 447. Is q a composite number?
True
Let w = -976381 - -1423200. Is w a composite number?
False
Suppose 0 = -17*d + 14*d - b + 63866, -5*d = 6*b - 106465. Is d composite?
True
Let k = 17869 - -4644. Is k composite?
True
Let k(l) = 23975*l**2 - 3*l + 22. Is k(-3) prime?
False
Suppose 19*x - 168 = 23*x. Is 18/x - (0 + (-20816)/28) a composite number?
False
Let d(r) = -172*r - 1009. Is d(-11) prime?
True
Suppose 0 = -4*p + 29557 + 40199. Is p prime?
False
Let o be -1*(10/(-2) + -2586 + -14). Suppose 623 - 